{"id":87,"date":"2023-10-20T05:08:56","date_gmt":"2023-10-20T05:08:56","guid":{"rendered":"https:\/\/itguaymas.edu.mx\/wp\/?page_id=87"},"modified":"2024-02-20T22:35:57","modified_gmt":"2024-02-20T22:35:57","slug":"servicio-social","status":"publish","type":"page","link":"https:\/\/itguaymas.edu.mx\/?page_id=87","title":{"rendered":"Servicio social"},"content":{"rendered":"<div class=\"pvc_clear\"><\/div><p id=\"pvc_stats_87\" class=\"pvc_stats all  \" data-element-id=\"87\" style=\"\"><i class=\"pvc-stats-icon medium\" aria-hidden=\"true\"><svg xmlns=\"http:\/\/www.w3.org\/2000\/svg\" version=\"1.0\" viewBox=\"0 0 502 315\" preserveAspectRatio=\"xMidYMid meet\"><g transform=\"translate(0,332) scale(0.1,-0.1)\" fill=\"\" stroke=\"none\"><path d=\"M2394 3279 l-29 -30 -3 -207 c-2 -182 0 -211 15 -242 39 -76 157 -76 196 0 15 31 17 60 15 243 l-3 209 -33 29 c-26 23 -41 29 -80 29 -41 0 -53 -5 -78 -31z\"\/><path d=\"M3085 3251 c-45 -19 -58 -50 -96 -229 -47 -217 -49 -260 -13 -295 52 -53 146 -42 177 20 16 31 87 366 87 410 0 70 -86 122 -155 94z\"\/><path d=\"M1751 3234 c-13 -9 -29 -31 -37 -50 -12 -29 -10 -49 21 -204 19 -94 39 -189 45 -210 14 -50 54 -80 110 -80 34 0 48 6 76 34 21 21 34 44 34 59 0 14 -18 113 -40 219 -37 178 -43 195 -70 221 -36 32 -101 37 -139 11z\"\/><path d=\"M1163 3073 c-36 -7 -73 -59 -73 -102 0 -56 133 -378 171 -413 34 -32 83 -37 129 -13 70 36 67 87 -16 290 -86 209 -89 214 -129 231 -35 14 -42 15 -82 7z\"\/><path d=\"M3689 3066 c-15 -9 -33 -30 -42 -48 -48 -103 -147 -355 -147 -375 0 -98 131 -148 192 -74 13 15 57 108 97 206 80 196 84 226 37 273 -30 30 -99 39 -137 18z\"\/><path d=\"M583 2784 c-38 -19 -67 -74 -58 -113 9 -42 211 -354 242 -373 16 -10 45 -18 66 -18 51 0 107 52 107 100 0 39 -1 41 -124 234 -80 126 -108 162 -133 173 -41 17 -61 16 -100 -3z\"\/><path d=\"M4250 2784 c-14 -9 -74 -91 -133 -183 -95 -150 -107 -173 -107 -213 0 -55 33 -94 87 -104 67 -13 90 8 211 198 130 202 137 225 78 284 -27 27 -42 34 -72 34 -22 0 -50 -8 -64 -16z\"\/><path d=\"M2275 2693 c-553 -48 -1095 -270 -1585 -649 -135 -104 -459 -423 -483 -476 -23 -49 -22 -139 2 -186 73 -142 361 -457 571 -626 285 -228 642 -407 990 -497 242 -63 336 -73 660 -74 310 0 370 5 595 52 535 111 1045 392 1455 803 122 121 250 273 275 326 19 41 19 137 0 174 -41 79 -309 363 -465 492 -447 370 -946 591 -1479 653 -113 14 -422 18 -536 8z m395 -428 c171 -34 330 -124 456 -258 112 -119 167 -219 211 -378 27 -96 24 -300 -5 -401 -72 -255 -236 -447 -474 -557 -132 -62 -201 -76 -368 -76 -167 0 -236 14 -368 76 -213 98 -373 271 -451 485 -162 444 86 934 547 1084 153 49 292 57 452 25z m909 -232 c222 -123 408 -262 593 -441 76 -74 138 -139 138 -144 0 -16 -233 -242 -330 -319 -155 -123 -309 -223 -461 -299 l-81 -41 32 46 c18 26 49 83 70 128 143 306 141 649 -6 957 -25 52 -61 116 -79 142 l-34 47 45 -20 c26 -10 76 -36 113 -56z m-2057 25 c-40 -58 -105 -190 -130 -263 -110 -324 -59 -707 132 -981 25 -35 42 -64 37 -64 -19 0 -241 119 -326 174 -188 122 -406 314 -532 468 l-58 71 108 103 c185 178 428 349 672 473 66 33 121 60 123 61 2 0 -10 -19 -26 -42z\"\/><path d=\"M2375 1950 c-198 -44 -350 -190 -395 -379 -18 -76 -8 -221 19 -290 114 -284 457 -406 731 -260 98 52 188 154 231 260 27 69 37 214 19 290 -38 163 -166 304 -326 360 -67 23 -215 33 -279 19z\"\/><\/g><\/svg><\/i> <img loading=\"lazy\" decoding=\"async\" width=\"16\" height=\"16\" alt=\"Loading\" src=\"https:\/\/itguaymas.edu.mx\/wp-content\/plugins\/page-views-count\/ajax-loader-2x.gif\" border=0 \/><\/p><div class=\"pvc_clear\"><\/div>\n<h3 class=\"wp-block-heading\">Qu\u00e9 es<\/h3>\n\n\n\n<p>Se entiende por servicio social el trabajo de car\u00e1cter temporal y obligatorio, que institucionalmente presten y ejecuten los estudiantes en beneficio de la sociedad.<\/p>\n\n\n\n<p>Los estudiantes de los Institutos Tecnol\u00f3gicos del SNEST (Sistema Nacional de Educaci\u00f3n Superior Tecnol\u00f3gica), prestar\u00e1n el servicio social, para cumplir con los cr\u00e9ditos del plan de estudios.<\/p>\n\n\n\n<h3 class=\"wp-block-heading\">Objetivos<\/h3>\n\n\n\n<p>Convertir esta prestaci\u00f3n en un acto de reciprocidad para con la sociedad a trav\u00e9s de los planes y programas del sector p\u00fablico.<\/p>\n\n\n\n<p>Contribuir a la formaci\u00f3n acad\u00e9mica y capacitaci\u00f3n profesional del prestador del Servicio Social.<\/p>\n\n\n\n<h3 class=\"wp-block-heading\">D\u00f3nde realizarlo<\/h3>\n\n\n\n<p>La prestaci\u00f3n del Servicio Social puede realizarse en dependencias p\u00fablicas, gubernamentales, no gubernamentales, organismos privados que cuenten con programas de asistencia social y desarrollo comunitario establecidos en el Plan Nacional de Desarrollo 2007-2012.<\/p>\n\n\n\n<p>Los programas de Servicio Social podr\u00e1n ser de educaci\u00f3n para adultos, programas de contingencia, cuidado al medio ambiente y desarrollo sustentable, apoyo a la salud, promotores y\/o instructores de actividades culturales, deportivas y c\u00edvicas, operaci\u00f3n de programas especiales gubernamentales, programas establecidos espec\u00edficamente por el Instituto Tecnol\u00f3gico que est\u00e9n relacionados con las acciones antes mencionadas.<\/p>\n\n\n\n<p>El Servicio Social tiene un valor de 10 cr\u00e9ditos en los planes de estudio dise\u00f1ados por competencias profesionales y ser\u00e1 sujeto a evaluaci\u00f3n por parte de la dependencia en donde se preste el servicio para asignar una valoraci\u00f3n num\u00e9rica.<\/p>\n\n\n\n<h3 class=\"wp-block-heading\">Pol\u00edticas de Operaci\u00f3n<\/h3>\n\n\n\n<ol class=\"wp-block-list\">\n<li>Los estudiantes pueden prestar su servicio social una vez aprobado el 70% de los cr\u00e9ditos de los planes de estudio.<\/li>\n\n\n\n<li>La duraci\u00f3n del servicio social no podr\u00e1 ser menor de 480 y un m\u00e1ximo de 500 horas (Sistema de Asignaci\u00f3n y Transferencia de Cr\u00e9ditos Acad\u00e9micos).<\/li>\n\n\n\n<li>La duraci\u00f3n del Servicio Social es no menor de 6 meses ni mayor de 2 a\u00f1os.<\/li>\n\n\n\n<li>La evaluaci\u00f3n ser\u00e1 realizada por el responsable del programa de Servicio Social que asesor\u00f3 y supervis\u00f3 las actividades de la dependencia que reciba los beneficios de prestadores de servicio, utilizando el Formato de Evaluaci\u00f3n del Servicio Social (Anexo I). En la evaluaci\u00f3n se considera el nivel de desempe\u00f1o y competencias alcanzadas de sentido de responsabilidad y de servicio.<\/li>\n\n\n\n<li>Los prestadores de servicio que no acumulen en un solo organismo el total de horas requeridas para el Servicio Social, considerando las caracter\u00edsticas propias del programa, o por razones no atribuibles al prestador del servicio (programas inferiores a 480 horas, cancelaci\u00f3n de programas, cierre de la entidad, entre otros), el prestador del Servicio Social podr\u00e1 continuar en otro programa.<\/li>\n\n\n\n<li>Los prestadores que trabajen en dependencias federales, estatales y municipales y opten por acreditar el Servicio Social, deber\u00e1n cumplir con los siguientes requisitos:\n<ul class=\"wp-block-list\">\n<li>Presentar documentaci\u00f3n que lo acredite como trabajador con una antig\u00fcedad m\u00ednima de 6 meses.<\/li>\n\n\n\n<li>Presentar documentos que justifiquen que las labores realizadas en el organismo y \u00e1rea de adscripci\u00f3n, corresponden y cumplen con el objetivo que se pretende alcanzar al prestar el Servicio Social, seg\u00fan lo establecido en el presente lineamiento en su prop\u00f3sito, definici\u00f3n y caracterizaci\u00f3n del Servicio Social.<\/li>\n\n\n\n<li>Respetar y cumplir las obligaciones establecidas en el punto 6 del prestador del Servicio Social.<\/li>\n\n\n\n<li>El informe final deber\u00e1 corresponder a las actividades realizadas a partir de la solicitud de prestaci\u00f3n del Servicio Social y autorizaci\u00f3n respectiva.<\/li>\n<\/ul>\n<\/li>\n\n\n\n<li>Para la realizaci\u00f3n del Servicio Social en un \u00e1mbito de influencia diferente al del Instituto Tecnol\u00f3gico, los prestadores deber\u00e1n cubrir los siguientes requisitos:\n<ul class=\"wp-block-list\">\n<li>Elaborar solicitud de autorizaci\u00f3n para realizar el Servicio Social en otras instituciones pertenecientes al Espacio Com\u00fan de la Educaci\u00f3n Superior Tecnol\u00f3gica, Instituto Polit\u00e9cnico Nacional o Universidades Estatales.<\/li>\n\n\n\n<li>Entregar a la dependencia seleccionada, oficio de autorizaci\u00f3n expedido por el Instituto Tecnol\u00f3gico de procedencia, indic\u00e1ndole que no hay inconveniente en que se le coordine su actividad de Servicio Social.<\/li>\n\n\n\n<li>Verificar cuando concluya su programa de Servicio Social, que la instituci\u00f3n seleccionada env\u00ede el formato de evaluaci\u00f3n (Anexo 1) y la carta de terminaci\u00f3n (Anexo II) al Instituto Tecnol\u00f3gico de procedencia.<\/li>\n<\/ul>\n<\/li>\n\n\n\n<li>Los programas de Servicio Social propios del Instituto Tecnol\u00f3gico relacionados con actividades culturales, deportivas y c\u00edvicas, solamente se autorizan con car\u00e1cter de promotores<\/li>\n<\/ol>\n\n\n\n<h3 class=\"wp-block-heading\">De la acreditaci\u00f3n del Servicio Social<\/h3>\n\n\n\n<p>El responsable del programa de servicio social evaluar\u00e1 al prestador, de manera bimestral en el Formato de Evaluaci\u00f3n del Servicio Social (Anexo I), que el prestador entregar\u00e1 al Departamento de Gesti\u00f3n Tecnol\u00f3gica y Vinculaci\u00f3n o el departamento correspondiente en los Institutos Tecnol\u00f3gicos Descentralizados.<\/p>\n\n\n\n<p>Al finalizar el Servicio Social entregar\u00e1 la carta de terminaci\u00f3n de servicio social (Anexo II), al Departamento de Gesti\u00f3n Tecnol\u00f3gica y Vinculaci\u00f3n o el departamento correspondiente en los Institutos Tecnol\u00f3gicos Descentralizados para integrarlo a su expediente quien emitir\u00e1 la constancia de liberaci\u00f3n con la calificaci\u00f3n correspondiente y la turnar\u00e1 al Departamento de Servicios Escolares.<\/p>\n\n\n\n<h3 class=\"wp-block-heading\">Del estudiante<\/h3>\n\n\n\n<ol class=\"wp-block-list\">\n<li>Es el responsable de solicitar la realizaci\u00f3n del mismo, considerando el banco de programas autorizados y disponibles en el Departamento de Gesti\u00f3n Tecnol\u00f3gica y Vinculaci\u00f3n o el departamento correspondiente en los Institutos Tecnol\u00f3gicos Descentralizados.<\/li>\n\n\n\n<li>Asiste al curso de inducci\u00f3n convocado por el Departamento de Gesti\u00f3n Tecnol\u00f3gica y Vinculaci\u00f3n o el Departamento correspondiente en los Institutos Tecnol\u00f3gicos Descentralizados, en el semestre previo al de prestaci\u00f3n del Servicio Social, como un requisito obligatorio para poder realizar su solicitud de prestaci\u00f3n de Servicio Social.<\/li>\n\n\n\n<li>Entrega solicitud debidamente requisitada de Servicio Social al Departamento de Gesti\u00f3n Tecnol\u00f3gica y Vinculaci\u00f3n o el Departamento correspondiente en los Institutos Tecnol\u00f3gicos Descentralizados.<\/li>\n\n\n\n<li>Entrega a la dependencia la carta de presentaci\u00f3n emitida por el Departamento de Gesti\u00f3n Tecnol\u00f3gica y Vinculaci\u00f3n o el Departamento correspondiente en los Institutos Tecnol\u00f3gicos Descentralizados.<\/li>\n\n\n\n<li>Entrega al Departamento de Gesti\u00f3n Tecnol\u00f3gica y Vinculaci\u00f3n o el Departamento correspondiente en los Institutos Tecnol\u00f3gicos Descentralizados, su plan de trabajo del Servicio Social a m\u00e1s tardar 20 d\u00edas h\u00e1biles despu\u00e9s de haberlo iniciado. El plan de trabajo deber\u00e1 ser avalado con la firma del responsable del programa y el titular de la dependencia, y con el sello de la misma.<\/li>\n\n\n\n<li>Entrega al Departamento de Gesti\u00f3n Tecnol\u00f3gica y Vinculaci\u00f3n o el Departamento correspondiente en los Institutos Tecnol\u00f3gicos Descentralizados el formato de Evaluaci\u00f3n de Servicio Social (Anexo 1) en un plazo no mayor de 20 d\u00edas h\u00e1biles, despu\u00e9s de haber concluido el mismo, de lo contrario es susceptible de no acreditarlo.<\/li>\n<\/ol>\n\n\n\n<h3 class=\"wp-block-heading\">Formatos a utilizar y que podr\u00e1s descargar:<\/h3>\n\n\n\n<ol class=\"wp-block-list\">\n<li>Solicitud de Servicio Social&nbsp;<a href=\"..\/uploads\/ITG-VI-PO-002-01 SOLICITUD DE SERV. SOCIAL  (antes de iniciar su Servicio Social).DOC\">ITG-VI-PO-002-01<\/a><\/li>\n\n\n\n<li>Carta compromiso del Servicio Social&nbsp;<a href=\"..\/uploads\/ITG-VI-PO-002-02 CARTA COMPROMISO SERV. SOCIAL  (antes de iniciar su Servicio Social).DOC\">ITG-VI-PO-002-02<\/a><\/li>\n\n\n\n<li>Carta de presentaci\u00f3n (ITG-VI-PO-002-03) (Nota: Se realiza en la Oficina de Servicio Social).<\/li>\n\n\n\n<li>Reporte Bimestral de Servicio Social&nbsp;<a href=\"..\/uploads\/ITG-VI-PO-002-04 REPORTE BIMESTRAL SERV. SOCIAL  (cada bimestre).DOC\">ITG-VI-PO-002-04<\/a><\/li>\n\n\n\n<li>Formato de Evaluaci\u00f3n Cualitativa del Prestador de Servicio Social&nbsp;<a href=\"..\/uploads\/ITG-VI-PO-002-06 FORMATO DE EVALUACION CUALITATIVA DEL PRESTADOR DE SS    (cada bimestre).doc\">ITG-VI-PO-002-06<\/a><a href=\"https:\/\/de.wellreplicas.is\/product\/rolex-gmt-master-ii-116710ln-unisex-zifferblatt-schwarz-automatikwerk\/\">rolex gmt master ii 116710ln unisex zifferblatt schwarz automatikwerk<\/a>&nbsp;hilarity exceptional method.nowadays&nbsp;<a href=\"https:\/\/www.svfactoryrolex.com\/product-category\/rolex\/daytona\/\">best rolex daytona replica<\/a>&nbsp;that once was meant to just tell you the exact time is your friend helping to express your taste and personality.<\/li>\n\n\n\n<li>Formato de Autoevaluaci\u00f3n Cualitativa del Prestador de Servicio Social&nbsp;<a href=\"..\/uploads\/ITG-VI-PO-002-07 FORMATO DE AUTOEVALUACION CUALITATIVA DEL PRESTADOR DE SS  (cada bimestre).doc\">ITG-VI-PO-002-07<\/a><\/li>\n\n\n\n<li>Formato de Autoevaluaci\u00f3n de la Actividad del Prestador de Servicio Social&nbsp;<a href=\"..\/uploads\/ITG-VI-PO-002-08 FORMATO DE AUTOEVALUACION DE LA ACTIVIDAD DEL PRESTADOR DE SS   (cada bimestre).doc\">ITG-VI-PO-002-08<\/a><\/li>\n\n\n\n<li>Tarjeta de control de Servicio Social&nbsp;<a href=\"..\/uploads\/ITG-VI-PO-002-09-TARJETA-DE-CONTROL-DE-SERVICIO-SOCIAL (antes de iniciar su Servicio Social).doc\">ITG-VI-PO-002-09<\/a><\/li>\n\n\n\n<li>Carta de asignaci\u00f3n de Servicio Social&nbsp;<a href=\"..\/uploads\/ITG-VI-PO-002-10-CARTA-ASIGNACIoN-SERVICIO-SOCIAL (antes de iniciar su Servicio Social).doc\">ITG-VI-PO-002-10<\/a><\/li>\n\n\n\n<li>Constancia de Terminaci\u00f3n de Servicio Social&nbsp;<a href=\"..\/uploads\/ITG-VI-PO-002-12 CONSTANCIA DE TERMINACI\u00d3N SERV. SOCIAL  (al finalizar su Servicio Social).DOC\">ITG-VI-PO-002-12<\/a><\/li>\n\n\n\n<li>Programa de Trabajo y\/o Cronograma&nbsp;<a href=\"..\/uploads\/PLAN-DE-TRABAJO-YO-CRONOGRAMA   JULIO-DIC.   (antes de iniciar su Servicio Social).doc\">PLAN DE TRABAJO Y\/O CRONOGRAMA<\/a><\/li>\n\n\n\n<li>Gu\u00eda para Elaborar el Informe Final de Servicio Social&nbsp;<a href=\"..\/uploads\/GUIA-PARA-ELABORAR-EL-INFORME-FINAL.pdf\">GUIA PARA ELABORAR EL INFORME FINAL S.S.<\/a><\/li>\n<\/ol>\n\n\n\n<h3 class=\"wp-block-heading\">FORMATOS PARA PLANES 2010<\/h3>\n\n\n\n<ul class=\"wp-block-list\">\n<li><a href=\"..\/uploads\/Anexo-I-Formato-de-evaluaciOn-del-servicio-social  (CADA BIMESTRE Y FINAL).doc\">ANEXO I &#8211; FORMATO DE EVALUACI\u00d3N DEL SERVICIO SOCIAL<\/a><\/li>\n<\/ul>\n\n\n\n<p>NOTA. Es importante que todo formato al ser llenado, se deber\u00e1n de eliminar los n\u00fameros entre par\u00e9ntesis que hacen referencia al instructivo de llenado, as\u00ed como tambi\u00e9n deber\u00e1 eliminarse el instructivo de llenado una vez terminado de requisitar el formato y antes de imprimirlo para su entrega en el \u00e1rea correspondiente seg\u00fan procedimiento.<\/p>\n","protected":false},"excerpt":{"rendered":"<div class=\"pvc_clear\"><\/div>\n<p id=\"pvc_stats_87\" class=\"pvc_stats all  \" data-element-id=\"87\" style=\"\"><i class=\"pvc-stats-icon medium\" aria-hidden=\"true\"><svg xmlns=\"http:\/\/www.w3.org\/2000\/svg\" version=\"1.0\" viewBox=\"0 0 502 315\" preserveAspectRatio=\"xMidYMid meet\"><g transform=\"translate(0,332) scale(0.1,-0.1)\" fill=\"\" stroke=\"none\"><path d=\"M2394 3279 l-29 -30 -3 -207 c-2 -182 0 -211 15 -242 39 -76 157 -76 196 0 15 31 17 60 15 243 l-3 209 -33 29 c-26 23 -41 29 -80 29 -41 0 -53 -5 -78 -31z\"\/><path d=\"M3085 3251 c-45 -19 -58 -50 -96 -229 -47 -217 -49 -260 -13 -295 52 -53 146 -42 177 20 16 31 87 366 87 410 0 70 -86 122 -155 94z\"\/><path d=\"M1751 3234 c-13 -9 -29 -31 -37 -50 -12 -29 -10 -49 21 -204 19 -94 39 -189 45 -210 14 -50 54 -80 110 -80 34 0 48 6 76 34 21 21 34 44 34 59 0 14 -18 113 -40 219 -37 178 -43 195 -70 221 -36 32 -101 37 -139 11z\"\/><path d=\"M1163 3073 c-36 -7 -73 -59 -73 -102 0 -56 133 -378 171 -413 34 -32 83 -37 129 -13 70 36 67 87 -16 290 -86 209 -89 214 -129 231 -35 14 -42 15 -82 7z\"\/><path d=\"M3689 3066 c-15 -9 -33 -30 -42 -48 -48 -103 -147 -355 -147 -375 0 -98 131 -148 192 -74 13 15 57 108 97 206 80 196 84 226 37 273 -30 30 -99 39 -137 18z\"\/><path d=\"M583 2784 c-38 -19 -67 -74 -58 -113 9 -42 211 -354 242 -373 16 -10 45 -18 66 -18 51 0 107 52 107 100 0 39 -1 41 -124 234 -80 126 -108 162 -133 173 -41 17 -61 16 -100 -3z\"\/><path d=\"M4250 2784 c-14 -9 -74 -91 -133 -183 -95 -150 -107 -173 -107 -213 0 -55 33 -94 87 -104 67 -13 90 8 211 198 130 202 137 225 78 284 -27 27 -42 34 -72 34 -22 0 -50 -8 -64 -16z\"\/><path d=\"M2275 2693 c-553 -48 -1095 -270 -1585 -649 -135 -104 -459 -423 -483 -476 -23 -49 -22 -139 2 -186 73 -142 361 -457 571 -626 285 -228 642 -407 990 -497 242 -63 336 -73 660 -74 310 0 370 5 595 52 535 111 1045 392 1455 803 122 121 250 273 275 326 19 41 19 137 0 174 -41 79 -309 363 -465 492 -447 370 -946 591 -1479 653 -113 14 -422 18 -536 8z m395 -428 c171 -34 330 -124 456 -258 112 -119 167 -219 211 -378 27 -96 24 -300 -5 -401 -72 -255 -236 -447 -474 -557 -132 -62 -201 -76 -368 -76 -167 0 -236 14 -368 76 -213 98 -373 271 -451 485 -162 444 86 934 547 1084 153 49 292 57 452 25z m909 -232 c222 -123 408 -262 593 -441 76 -74 138 -139 138 -144 0 -16 -233 -242 -330 -319 -155 -123 -309 -223 -461 -299 l-81 -41 32 46 c18 26 49 83 70 128 143 306 141 649 -6 957 -25 52 -61 116 -79 142 l-34 47 45 -20 c26 -10 76 -36 113 -56z m-2057 25 c-40 -58 -105 -190 -130 -263 -110 -324 -59 -707 132 -981 25 -35 42 -64 37 -64 -19 0 -241 119 -326 174 -188 122 -406 314 -532 468 l-58 71 108 103 c185 178 428 349 672 473 66 33 121 60 123 61 2 0 -10 -19 -26 -42z\"\/><path d=\"M2375 1950 c-198 -44 -350 -190 -395 -379 -18 -76 -8 -221 19 -290 114 -284 457 -406 731 -260 98 52 188 154 231 260 27 69 37 214 19 290 -38 163 -166 304 -326 360 -67 23 -215 33 -279 19z\"\/><\/g><\/svg><\/i> <img loading=\"lazy\" decoding=\"async\" width=\"16\" height=\"16\" alt=\"Loading\" src=\"https:\/\/itguaymas.edu.mx\/wp-content\/plugins\/page-views-count\/ajax-loader-2x.gif\" border=0 \/><\/p>\n<div class=\"pvc_clear\"><\/div>\n<p>Qu\u00e9 es Se entiende por servicio social el trabajo de car\u00e1cter temporal y obligatorio, que institucionalmente presten y ejecuten los estudiantes en beneficio de la sociedad. Los estudiantes de los [&hellip;]<\/p>\n","protected":false},"author":1,"featured_media":0,"parent":52,"menu_order":8,"comment_status":"closed","ping_status":"closed","template":"","meta":{"_eb_attr":"","footnotes":""},"class_list":["post-87","page","type-page","status-publish","hentry"],"_links":{"self":[{"href":"https:\/\/itguaymas.edu.mx\/index.php?rest_route=\/wp\/v2\/pages\/87","targetHints":{"allow":["GET"]}}],"collection":[{"href":"https:\/\/itguaymas.edu.mx\/index.php?rest_route=\/wp\/v2\/pages"}],"about":[{"href":"https:\/\/itguaymas.edu.mx\/index.php?rest_route=\/wp\/v2\/types\/page"}],"author":[{"embeddable":true,"href":"https:\/\/itguaymas.edu.mx\/index.php?rest_route=\/wp\/v2\/users\/1"}],"replies":[{"embeddable":true,"href":"https:\/\/itguaymas.edu.mx\/index.php?rest_route=%2Fwp%2Fv2%2Fcomments&post=87"}],"version-history":[{"count":2,"href":"https:\/\/itguaymas.edu.mx\/index.php?rest_route=\/wp\/v2\/pages\/87\/revisions"}],"predecessor-version":[{"id":320,"href":"https:\/\/itguaymas.edu.mx\/index.php?rest_route=\/wp\/v2\/pages\/87\/revisions\/320"}],"up":[{"embeddable":true,"href":"https:\/\/itguaymas.edu.mx\/index.php?rest_route=\/wp\/v2\/pages\/52"}],"wp:attachment":[{"href":"https:\/\/itguaymas.edu.mx\/index.php?rest_route=%2Fwp%2Fv2%2Fmedia&parent=87"}],"curies":[{"name":"wp","href":"https:\/\/api.w.org\/{rel}","templated":true}]}}