{"id":89,"date":"2023-10-20T05:09:22","date_gmt":"2023-10-20T05:09:22","guid":{"rendered":"https:\/\/itguaymas.edu.mx\/wp\/?page_id=89"},"modified":"2024-06-26T15:55:49","modified_gmt":"2024-06-26T15:55:49","slug":"titulacion","status":"publish","type":"page","link":"https:\/\/itguaymas.edu.mx\/?page_id=89","title":{"rendered":"Titulaci\u00f3n"},"content":{"rendered":"<div class=\"pvc_clear\"><\/div><p id=\"pvc_stats_89\" class=\"pvc_stats all  \" data-element-id=\"89\" style=\"\"><i class=\"pvc-stats-icon medium\" aria-hidden=\"true\"><svg xmlns=\"http:\/\/www.w3.org\/2000\/svg\" version=\"1.0\" viewBox=\"0 0 502 315\" preserveAspectRatio=\"xMidYMid meet\"><g transform=\"translate(0,332) scale(0.1,-0.1)\" fill=\"\" stroke=\"none\"><path d=\"M2394 3279 l-29 -30 -3 -207 c-2 -182 0 -211 15 -242 39 -76 157 -76 196 0 15 31 17 60 15 243 l-3 209 -33 29 c-26 23 -41 29 -80 29 -41 0 -53 -5 -78 -31z\"\/><path d=\"M3085 3251 c-45 -19 -58 -50 -96 -229 -47 -217 -49 -260 -13 -295 52 -53 146 -42 177 20 16 31 87 366 87 410 0 70 -86 122 -155 94z\"\/><path d=\"M1751 3234 c-13 -9 -29 -31 -37 -50 -12 -29 -10 -49 21 -204 19 -94 39 -189 45 -210 14 -50 54 -80 110 -80 34 0 48 6 76 34 21 21 34 44 34 59 0 14 -18 113 -40 219 -37 178 -43 195 -70 221 -36 32 -101 37 -139 11z\"\/><path d=\"M1163 3073 c-36 -7 -73 -59 -73 -102 0 -56 133 -378 171 -413 34 -32 83 -37 129 -13 70 36 67 87 -16 290 -86 209 -89 214 -129 231 -35 14 -42 15 -82 7z\"\/><path d=\"M3689 3066 c-15 -9 -33 -30 -42 -48 -48 -103 -147 -355 -147 -375 0 -98 131 -148 192 -74 13 15 57 108 97 206 80 196 84 226 37 273 -30 30 -99 39 -137 18z\"\/><path d=\"M583 2784 c-38 -19 -67 -74 -58 -113 9 -42 211 -354 242 -373 16 -10 45 -18 66 -18 51 0 107 52 107 100 0 39 -1 41 -124 234 -80 126 -108 162 -133 173 -41 17 -61 16 -100 -3z\"\/><path d=\"M4250 2784 c-14 -9 -74 -91 -133 -183 -95 -150 -107 -173 -107 -213 0 -55 33 -94 87 -104 67 -13 90 8 211 198 130 202 137 225 78 284 -27 27 -42 34 -72 34 -22 0 -50 -8 -64 -16z\"\/><path d=\"M2275 2693 c-553 -48 -1095 -270 -1585 -649 -135 -104 -459 -423 -483 -476 -23 -49 -22 -139 2 -186 73 -142 361 -457 571 -626 285 -228 642 -407 990 -497 242 -63 336 -73 660 -74 310 0 370 5 595 52 535 111 1045 392 1455 803 122 121 250 273 275 326 19 41 19 137 0 174 -41 79 -309 363 -465 492 -447 370 -946 591 -1479 653 -113 14 -422 18 -536 8z m395 -428 c171 -34 330 -124 456 -258 112 -119 167 -219 211 -378 27 -96 24 -300 -5 -401 -72 -255 -236 -447 -474 -557 -132 -62 -201 -76 -368 -76 -167 0 -236 14 -368 76 -213 98 -373 271 -451 485 -162 444 86 934 547 1084 153 49 292 57 452 25z m909 -232 c222 -123 408 -262 593 -441 76 -74 138 -139 138 -144 0 -16 -233 -242 -330 -319 -155 -123 -309 -223 -461 -299 l-81 -41 32 46 c18 26 49 83 70 128 143 306 141 649 -6 957 -25 52 -61 116 -79 142 l-34 47 45 -20 c26 -10 76 -36 113 -56z m-2057 25 c-40 -58 -105 -190 -130 -263 -110 -324 -59 -707 132 -981 25 -35 42 -64 37 -64 -19 0 -241 119 -326 174 -188 122 -406 314 -532 468 l-58 71 108 103 c185 178 428 349 672 473 66 33 121 60 123 61 2 0 -10 -19 -26 -42z\"\/><path d=\"M2375 1950 c-198 -44 -350 -190 -395 -379 -18 -76 -8 -221 19 -290 114 -284 457 -406 731 -260 98 52 188 154 231 260 27 69 37 214 19 290 -38 163 -166 304 -326 360 -67 23 -215 33 -279 19z\"\/><\/g><\/svg><\/i> <img loading=\"lazy\" decoding=\"async\" width=\"16\" height=\"16\" alt=\"Loading\" src=\"https:\/\/itguaymas.edu.mx\/wp-content\/plugins\/page-views-count\/ajax-loader-2x.gif\" border=0 \/><\/p><div class=\"pvc_clear\"><\/div><div class=\"wp-block-image\">\n<figure class=\"aligncenter size-full is-resized\"><img loading=\"lazy\" decoding=\"async\" width=\"523\" height=\"663\" src=\"https:\/\/itguaymas.edu.mx\/wp-content\/uploads\/2024\/01\/image-15.png\" alt=\"\" class=\"wp-image-256\" style=\"width:817px;height:auto\" srcset=\"https:\/\/itguaymas.edu.mx\/wp-content\/uploads\/2024\/01\/image-15.png 523w, https:\/\/itguaymas.edu.mx\/wp-content\/uploads\/2024\/01\/image-15-237x300.png 237w\" sizes=\"auto, (max-width: 523px) 100vw, 523px\" \/><\/figure>\n<\/div>\n\n<div class=\"wp-block-image\">\n<figure class=\"aligncenter size-full is-resized\"><img loading=\"lazy\" decoding=\"async\" width=\"345\" height=\"445\" src=\"https:\/\/itguaymas.edu.mx\/wp-content\/uploads\/2024\/01\/image-16.png\" alt=\"\" class=\"wp-image-257\" style=\"width:635px;height:auto\" srcset=\"https:\/\/itguaymas.edu.mx\/wp-content\/uploads\/2024\/01\/image-16.png 345w, https:\/\/itguaymas.edu.mx\/wp-content\/uploads\/2024\/01\/image-16-233x300.png 233w\" sizes=\"auto, (max-width: 345px) 100vw, 345px\" \/><\/figure>\n<\/div>\n\n\n<p><\/p>\n\n\n\n<h2 class=\"wp-block-heading\"><strong>REQUISITOS PARTICULARES POR PLAN DE ESTUDIOS PARA INICIAR EL TR\u00c1MITE<\/strong><\/h2>\n\n\n\n<p>Adem\u00e1s de los requisitos generales, dependiendo del Plan de Estudios cursado, la persona egresada que desee iniciar su procedimiento de titulaci\u00f3n deber\u00e1 cubrir los siguientes requisitos:<\/p>\n\n\n\n<h2 class=\"wp-block-heading\">I.&nbsp;&nbsp;&nbsp;&nbsp; PLANES CONDUCTISTAS (anteriores a 1990)<\/h2>\n\n\n\n<ul class=\"wp-block-list\">\n<li>Original y copia simple tama\u00f1o carta del Oficio-Constancia de liberaci\u00f3n de Servicio Social.\n<ul class=\"wp-block-list\">\n<li>Original y copia simple tama\u00f1o carta de la Constancia de cumplimiento de Pr\u00e1cticas Profesionales.<\/li>\n<\/ul>\n<\/li>\n<\/ul>\n\n\n\n<h2 class=\"wp-block-heading\">II. PLANES 1990, 1991 y 1992<\/h2>\n\n\n\n<ul class=\"wp-block-list\">\n<li>Original y copia simple tama\u00f1o carta del Oficio-Constancia de liberaci\u00f3n de Servicio Social.\n<ul class=\"wp-block-list\">\n<li>Original y copia simple tama\u00f1o carta de la Constancia de cumplimiento de Pr\u00e1cticas Profesionales.<\/li>\n<\/ul>\n<\/li>\n<\/ul>\n\n\n\n<h2 class=\"wp-block-heading\">III.&nbsp;&nbsp; PLANES 1993<\/h2>\n\n\n\n<ul class=\"wp-block-list\">\n<li>Original y copia simple tama\u00f1o carta del Oficio-Constancia de liberaci\u00f3n de Servicio Social.<ul><li>Original y copia simple tama\u00f1o carta de la Constancia de cumplimiento de Residencia Profesional.<\/li><\/ul>\n<ul class=\"wp-block-list\">\n<li>Original y copia simple tama\u00f1o carta de la Constancia de cumplimiento del idioma ingl\u00e9s.<\/li>\n<\/ul>\n<\/li>\n<\/ul>\n\n\n\n<h2 class=\"wp-block-heading\">IV. PLANES 2000, 2004 y 2005<\/h2>\n\n\n\n<ul class=\"wp-block-list\">\n<li>Original y copia simple tama\u00f1o carta del Oficio-Constancia de liberaci\u00f3n de Servicio Social.\n<ul class=\"wp-block-list\">\n<li>Original y copia simple tama\u00f1o carta del Oficio-Constancia de liberaci\u00f3n de la lengua extranjera.<\/li>\n<\/ul>\n<\/li>\n<\/ul>\n\n\n\n<h2 class=\"wp-block-heading\">V.&nbsp; PLANES POR COMPETENCIA (2009 y 2010) PARA MATR\u00cdCULAS ANTERIORES A 2015<\/h2>\n\n\n\n<ul class=\"wp-block-list\">\n<li>Original y copia simple tama\u00f1o carta del Oficio-Constancia de liberaci\u00f3n de la lengua extranjera.<\/li>\n<\/ul>\n\n\n\n<h2 class=\"wp-block-heading\">VI. PLANES POR COMPETENCIA (2009 y 2010) PARA MATR\u00cdCULAS 2015 O SUPERIORES<\/h2>\n\n\n\n<ul class=\"wp-block-list\">\n<li>Original y copia simple tama\u00f1o carta de alguna de las siguientes alternativas de liberaci\u00f3n de la lengua extranjera:<ul><li>Oficio-Constancia de liberaci\u00f3n de la lengua extranjera ingl\u00e9s con nivel m\u00ednimo de B1 del Marco Com\u00fan Europeo de Referencia.<\/li><\/ul>\n<ul class=\"wp-block-list\">\n<li>Original y copia simple de la Certificaci\u00f3n (TOEFL, Cambridge, TOEIC) que acredite la liberaci\u00f3n de la lengua extranjera ingl\u00e9s con un puntaje equivalente o superior al nivel B1 del Marco Com\u00fan Europeo de Referencia con el Visto Bueno del Centro de Lenguas Extranjeras del Instituto Tecnol\u00f3gico de Guaymas.<\/li>\n<\/ul>\n<\/li>\n<\/ul>\n\n\n\n<p><\/p>\n\n\n\n<p><\/p>\n\n\n<div class=\"wp-block-image\">\n<figure class=\"aligncenter size-full is-resized\"><img loading=\"lazy\" decoding=\"async\" width=\"507\" height=\"679\" src=\"https:\/\/itguaymas.edu.mx\/wp-content\/uploads\/2024\/01\/image-17.png\" alt=\"\" class=\"wp-image-259\" style=\"width:811px;height:auto\" srcset=\"https:\/\/itguaymas.edu.mx\/wp-content\/uploads\/2024\/01\/image-17.png 507w, https:\/\/itguaymas.edu.mx\/wp-content\/uploads\/2024\/01\/image-17-224x300.png 224w\" sizes=\"auto, (max-width: 507px) 100vw, 507px\" \/><\/figure>\n<\/div>\n\n<div class=\"wp-block-image\">\n<figure class=\"aligncenter size-full is-resized\"><img loading=\"lazy\" decoding=\"async\" width=\"504\" height=\"658\" src=\"https:\/\/itguaymas.edu.mx\/wp-content\/uploads\/2024\/01\/image-18.png\" alt=\"\" class=\"wp-image-260\" style=\"width:786px;height:auto\" srcset=\"https:\/\/itguaymas.edu.mx\/wp-content\/uploads\/2024\/01\/image-18.png 504w, https:\/\/itguaymas.edu.mx\/wp-content\/uploads\/2024\/01\/image-18-230x300.png 230w\" sizes=\"auto, (max-width: 504px) 100vw, 504px\" \/><\/figure>\n<\/div>\n\n<div class=\"wp-block-image\">\n<figure class=\"aligncenter size-full is-resized\"><img loading=\"lazy\" decoding=\"async\" width=\"581\" height=\"691\" src=\"https:\/\/itguaymas.edu.mx\/wp-content\/uploads\/2024\/01\/image-24.png\" alt=\"\" class=\"wp-image-270\" style=\"width:783px;height:auto\" srcset=\"https:\/\/itguaymas.edu.mx\/wp-content\/uploads\/2024\/01\/image-24.png 581w, https:\/\/itguaymas.edu.mx\/wp-content\/uploads\/2024\/01\/image-24-252x300.png 252w\" sizes=\"auto, (max-width: 581px) 100vw, 581px\" \/><\/figure>\n<\/div>\n\n\n<p><\/p>\n\n\n<div class=\"wp-block-image\">\n<figure class=\"aligncenter size-full is-resized\"><img loading=\"lazy\" decoding=\"async\" width=\"494\" height=\"128\" src=\"https:\/\/itguaymas.edu.mx\/wp-content\/uploads\/2024\/01\/image-20.png\" alt=\"\" class=\"wp-image-262\" style=\"width:764px;height:auto\" srcset=\"https:\/\/itguaymas.edu.mx\/wp-content\/uploads\/2024\/01\/image-20.png 494w, https:\/\/itguaymas.edu.mx\/wp-content\/uploads\/2024\/01\/image-20-300x78.png 300w\" sizes=\"auto, (max-width: 494px) 100vw, 494px\" \/><\/figure>\n<\/div>\n\n<div class=\"wp-block-image\">\n<figure class=\"aligncenter size-full is-resized\"><img loading=\"lazy\" decoding=\"async\" width=\"501\" height=\"673\" src=\"https:\/\/itguaymas.edu.mx\/wp-content\/uploads\/2024\/01\/image-21.png\" alt=\"\" class=\"wp-image-263\" style=\"width:755px;height:auto\" srcset=\"https:\/\/itguaymas.edu.mx\/wp-content\/uploads\/2024\/01\/image-21.png 501w, https:\/\/itguaymas.edu.mx\/wp-content\/uploads\/2024\/01\/image-21-223x300.png 223w\" sizes=\"auto, (max-width: 501px) 100vw, 501px\" \/><\/figure>\n<\/div>\n\n<div class=\"wp-block-image\">\n<figure class=\"aligncenter size-full is-resized\"><img loading=\"lazy\" decoding=\"async\" width=\"663\" height=\"356\" src=\"https:\/\/itguaymas.edu.mx\/wp-content\/uploads\/2024\/01\/image-22.png\" alt=\"\" class=\"wp-image-264\" style=\"width:751px;height:auto\" srcset=\"https:\/\/itguaymas.edu.mx\/wp-content\/uploads\/2024\/01\/image-22.png 663w, https:\/\/itguaymas.edu.mx\/wp-content\/uploads\/2024\/01\/image-22-300x161.png 300w\" sizes=\"auto, (max-width: 663px) 100vw, 663px\" \/><\/figure>\n<\/div>\n\n<div class=\"wp-block-image\">\n<figure class=\"aligncenter size-full is-resized\"><img loading=\"lazy\" decoding=\"async\" width=\"677\" height=\"643\" src=\"https:\/\/itguaymas.edu.mx\/wp-content\/uploads\/2024\/01\/image-23.png\" alt=\"\" class=\"wp-image-265\" style=\"width:755px;height:auto\" srcset=\"https:\/\/itguaymas.edu.mx\/wp-content\/uploads\/2024\/01\/image-23.png 677w, https:\/\/itguaymas.edu.mx\/wp-content\/uploads\/2024\/01\/image-23-300x285.png 300w\" sizes=\"auto, (max-width: 677px) 100vw, 677px\" \/><\/figure>\n<\/div>\n\n\n<p><strong>ACLARACI\u00d3N DE DUDAS<\/strong><strong><\/strong><\/p>\n\n\n\n<p>Para requisitos generales para iniciar el procedimiento, podr\u00e1 consultar a la Oficina de Servicios Estudiantiles del Departamento de Servicios Escolares.<\/p>\n\n\n\n<p><a href=\"mailto:se_guaymas@tecnm.mx\">se_guaymas@tecnm.mx<\/a><\/p>\n\n\n\n<p><a href=\"mailto:titulacionybecas@guaymas.tecnm.mx\">titulacionybecas@guaymas.tecnm.mx<\/a><\/p>\n\n\n\n<p>\u00a06222215367, extensi\u00f3n 1104.<\/p>\n\n\n\n<p>Horarios de atenci\u00f3n: 10:00 a 13:00 <em>hrs.<\/em><\/p>\n\n\n\n<p>Lunes a Viernes.<\/p>\n\n\n\n<p>Para requisitos particulares de la opci\u00f3n de titulaci\u00f3n, caracter\u00edsticas de los documentos, Acto protocolario de recepci\u00f3n profesional o c\u00f3digo de vestimenta, podr\u00e1 consultar a la Coordinaci\u00f3n de Titulaci\u00f3n de la Divisi\u00f3n de Estudios Profesionales.<\/p>\n\n\n\n<p><a href=\"mailto:dep_guaymas@tecnm.mx\">dep_guaymas@tecnm.mx<\/a><\/p>\n\n\n\n<p>6222215367.<\/p>\n\n\n\n<p>Horarios de atenci\u00f3n: 09:00 a 14:00 <em>h <\/em>en d\u00edas h\u00e1biles.<\/p>\n\n\n\n<p><\/p>\n\n\n\n<h1 class=\"wp-block-heading\"><strong>Requisitos ante la Divisi\u00f3n de Estudios Profesionales:<\/strong><\/h1>\n\n\n\n<ol class=\"wp-block-list\">\n<li>Solicitud dirigida al departamento de Servicios Escolares.<\/li>\n\n\n\n<li>Certificado de Licenciatura.<\/li>\n\n\n\n<li>Informe T\u00e9cnico de Residencia Profesional, Reporte final, Tesis, Tesina o resumen (con portada) del proyecto.<\/li>\n\n\n\n<li><a href=\"https:\/\/itguaymas.edu.mx\/wp-content\/uploads\/2024\/02\/ANEXO-I.-REGISTRO-DE-PROYECTO-TITULACION-INTEGRAL-2024.docx\" data-type=\"link\" data-id=\"https:\/\/itguaymas.edu.mx\/wp-content\/uploads\/2024\/02\/ANEXO-I.-REGISTRO-DE-PROYECTO-TITULACION-INTEGRAL-2024.docx\">Anexo I. Registro de Proyecto de Titulaci\u00f3n.<\/a> (planes 2010 y 2015)<\/li>\n<\/ol>\n\n\n\n<figure class=\"wp-block-image size-full\"><img loading=\"lazy\" decoding=\"async\" width=\"745\" height=\"447\" src=\"https:\/\/itguaymas.edu.mx\/wp-content\/uploads\/2024\/01\/image.png\" alt=\"\" class=\"wp-image-234\" srcset=\"https:\/\/itguaymas.edu.mx\/wp-content\/uploads\/2024\/01\/image.png 745w, https:\/\/itguaymas.edu.mx\/wp-content\/uploads\/2024\/01\/image-300x180.png 300w\" sizes=\"auto, (max-width: 745px) 100vw, 745px\" \/><\/figure>\n\n\n\n<p><a href=\"https:\/\/itguaymas.edu.mx\/wp-content\/uploads\/2024\/02\/ANEXO-II.-SOLICITUD-DE-ESTUDIANTE-TITULACION-INTEGRAL-2024.docx\" data-type=\"link\" data-id=\"https:\/\/itguaymas.edu.mx\/wp-content\/uploads\/2024\/02\/ANEXO-II.-SOLICITUD-DE-ESTUDIANTE-TITULACION-INTEGRAL-2024.docx\">Anexo II. Solicitud del Estudiante. (planes 2010&nbsp; y 2015).<\/a><\/p>\n\n\n\n<figure class=\"wp-block-image size-full\"><img loading=\"lazy\" decoding=\"async\" width=\"831\" height=\"581\" src=\"https:\/\/itguaymas.edu.mx\/wp-content\/uploads\/2024\/01\/image-1.png\" alt=\"\" class=\"wp-image-235\" srcset=\"https:\/\/itguaymas.edu.mx\/wp-content\/uploads\/2024\/01\/image-1.png 831w, https:\/\/itguaymas.edu.mx\/wp-content\/uploads\/2024\/01\/image-1-300x210.png 300w, https:\/\/itguaymas.edu.mx\/wp-content\/uploads\/2024\/01\/image-1-768x537.png 768w\" sizes=\"auto, (max-width: 831px) 100vw, 831px\" \/><\/figure>\n\n\n\n<p>Despu\u00e9s de enviar la documentaci\u00f3n a <a href=\"mailto:dep_guaymas@tecnm.mx\">dep_guaymas@tecnm.mx<\/a>, se turnar\u00e1 al jefe de departamento correspondiente para la revisi\u00f3n, aceptaci\u00f3n o rechazo del proyecto, y la asignaci\u00f3n de los dos revisores.<\/p>\n\n\n\n<p>Cuando se est\u00e9 enterado de la asignaci\u00f3n de revisores, el egresado les deber\u00e1 enviar el proyecto a sus correos institucionales.<\/p>\n\n\n\n<figure class=\"wp-block-image size-full\"><img loading=\"lazy\" decoding=\"async\" width=\"843\" height=\"415\" src=\"https:\/\/itguaymas.edu.mx\/wp-content\/uploads\/2024\/01\/image-2.png\" alt=\"\" class=\"wp-image-236\" srcset=\"https:\/\/itguaymas.edu.mx\/wp-content\/uploads\/2024\/01\/image-2.png 843w, https:\/\/itguaymas.edu.mx\/wp-content\/uploads\/2024\/01\/image-2-300x148.png 300w, https:\/\/itguaymas.edu.mx\/wp-content\/uploads\/2024\/01\/image-2-768x378.png 768w\" sizes=\"auto, (max-width: 843px) 100vw, 843px\" \/><\/figure>\n\n\n\n<p>Dicha portada la deber\u00e1n firmar los tres maestros; cuando se tengan las tres firmas, deber\u00e1s enviarla al jefe de departamento acad\u00e9mico para la obtenci\u00f3n del oficio de liberaci\u00f3n de proyecto de titulaci\u00f3n oficial.<\/p>\n\n\n\n<p>Departamento Ciencias Econ\u00f3mico \u2013 Administrativo: <a href=\"mailto:cead_guaymas@tecnm.mx\">cead_guaymas@tecnm.mx<\/a>,<\/p>\n\n\n\n<p>Departamento de Ingenier\u00edas: <a href=\"mailto:ing_guaymas@tecnm.mx\">ing_guaymas@tecnm.mx<\/a><\/p>\n\n\n\n<figure class=\"wp-block-image size-full\"><img loading=\"lazy\" decoding=\"async\" width=\"664\" height=\"501\" src=\"https:\/\/itguaymas.edu.mx\/wp-content\/uploads\/2024\/01\/image-3.png\" alt=\"\" class=\"wp-image-237\" srcset=\"https:\/\/itguaymas.edu.mx\/wp-content\/uploads\/2024\/01\/image-3.png 664w, https:\/\/itguaymas.edu.mx\/wp-content\/uploads\/2024\/01\/image-3-300x226.png 300w, https:\/\/itguaymas.edu.mx\/wp-content\/uploads\/2024\/01\/image-3-80x60.png 80w\" sizes=\"auto, (max-width: 664px) 100vw, 664px\" \/><\/figure>\n\n\n\n<p>Al tener los oficios de liberaci\u00f3n de proyecto de titulaci\u00f3n firmados y sellado, puedes iniciar con la impresi\u00f3n y empastado de tu proyecto de titulaci\u00f3n. &nbsp;Leer las indicaciones del apartado III.&nbsp;&nbsp;&nbsp;&nbsp;&nbsp;&nbsp; REQUISITOS EN EL ACTO PROTOCOLARIO DE RECEPCI\u00d3N PROFESIONAL<\/p>\n\n\n\n<p><\/p>\n","protected":false},"excerpt":{"rendered":"<div class=\"pvc_clear\"><\/div>\n<p id=\"pvc_stats_89\" class=\"pvc_stats all  \" data-element-id=\"89\" style=\"\"><i class=\"pvc-stats-icon medium\" aria-hidden=\"true\"><svg xmlns=\"http:\/\/www.w3.org\/2000\/svg\" version=\"1.0\" viewBox=\"0 0 502 315\" preserveAspectRatio=\"xMidYMid meet\"><g transform=\"translate(0,332) scale(0.1,-0.1)\" fill=\"\" stroke=\"none\"><path d=\"M2394 3279 l-29 -30 -3 -207 c-2 -182 0 -211 15 -242 39 -76 157 -76 196 0 15 31 17 60 15 243 l-3 209 -33 29 c-26 23 -41 29 -80 29 -41 0 -53 -5 -78 -31z\"\/><path d=\"M3085 3251 c-45 -19 -58 -50 -96 -229 -47 -217 -49 -260 -13 -295 52 -53 146 -42 177 20 16 31 87 366 87 410 0 70 -86 122 -155 94z\"\/><path d=\"M1751 3234 c-13 -9 -29 -31 -37 -50 -12 -29 -10 -49 21 -204 19 -94 39 -189 45 -210 14 -50 54 -80 110 -80 34 0 48 6 76 34 21 21 34 44 34 59 0 14 -18 113 -40 219 -37 178 -43 195 -70 221 -36 32 -101 37 -139 11z\"\/><path d=\"M1163 3073 c-36 -7 -73 -59 -73 -102 0 -56 133 -378 171 -413 34 -32 83 -37 129 -13 70 36 67 87 -16 290 -86 209 -89 214 -129 231 -35 14 -42 15 -82 7z\"\/><path d=\"M3689 3066 c-15 -9 -33 -30 -42 -48 -48 -103 -147 -355 -147 -375 0 -98 131 -148 192 -74 13 15 57 108 97 206 80 196 84 226 37 273 -30 30 -99 39 -137 18z\"\/><path d=\"M583 2784 c-38 -19 -67 -74 -58 -113 9 -42 211 -354 242 -373 16 -10 45 -18 66 -18 51 0 107 52 107 100 0 39 -1 41 -124 234 -80 126 -108 162 -133 173 -41 17 -61 16 -100 -3z\"\/><path d=\"M4250 2784 c-14 -9 -74 -91 -133 -183 -95 -150 -107 -173 -107 -213 0 -55 33 -94 87 -104 67 -13 90 8 211 198 130 202 137 225 78 284 -27 27 -42 34 -72 34 -22 0 -50 -8 -64 -16z\"\/><path d=\"M2275 2693 c-553 -48 -1095 -270 -1585 -649 -135 -104 -459 -423 -483 -476 -23 -49 -22 -139 2 -186 73 -142 361 -457 571 -626 285 -228 642 -407 990 -497 242 -63 336 -73 660 -74 310 0 370 5 595 52 535 111 1045 392 1455 803 122 121 250 273 275 326 19 41 19 137 0 174 -41 79 -309 363 -465 492 -447 370 -946 591 -1479 653 -113 14 -422 18 -536 8z m395 -428 c171 -34 330 -124 456 -258 112 -119 167 -219 211 -378 27 -96 24 -300 -5 -401 -72 -255 -236 -447 -474 -557 -132 -62 -201 -76 -368 -76 -167 0 -236 14 -368 76 -213 98 -373 271 -451 485 -162 444 86 934 547 1084 153 49 292 57 452 25z m909 -232 c222 -123 408 -262 593 -441 76 -74 138 -139 138 -144 0 -16 -233 -242 -330 -319 -155 -123 -309 -223 -461 -299 l-81 -41 32 46 c18 26 49 83 70 128 143 306 141 649 -6 957 -25 52 -61 116 -79 142 l-34 47 45 -20 c26 -10 76 -36 113 -56z m-2057 25 c-40 -58 -105 -190 -130 -263 -110 -324 -59 -707 132 -981 25 -35 42 -64 37 -64 -19 0 -241 119 -326 174 -188 122 -406 314 -532 468 l-58 71 108 103 c185 178 428 349 672 473 66 33 121 60 123 61 2 0 -10 -19 -26 -42z\"\/><path d=\"M2375 1950 c-198 -44 -350 -190 -395 -379 -18 -76 -8 -221 19 -290 114 -284 457 -406 731 -260 98 52 188 154 231 260 27 69 37 214 19 290 -38 163 -166 304 -326 360 -67 23 -215 33 -279 19z\"\/><\/g><\/svg><\/i> <img loading=\"lazy\" decoding=\"async\" width=\"16\" height=\"16\" alt=\"Loading\" src=\"https:\/\/itguaymas.edu.mx\/wp-content\/plugins\/page-views-count\/ajax-loader-2x.gif\" border=0 \/><\/p>\n<div class=\"pvc_clear\"><\/div>\n<p>REQUISITOS PARTICULARES POR PLAN DE ESTUDIOS PARA INICIAR EL TR\u00c1MITE Adem\u00e1s de los requisitos generales, dependiendo del Plan de Estudios cursado, la persona egresada que desee iniciar su procedimiento de [&hellip;]<\/p>\n","protected":false},"author":1,"featured_media":0,"parent":52,"menu_order":9,"comment_status":"closed","ping_status":"closed","template":"","meta":{"_eb_attr":"","footnotes":""},"class_list":["post-89","page","type-page","status-publish","hentry"],"_links":{"self":[{"href":"https:\/\/itguaymas.edu.mx\/index.php?rest_route=\/wp\/v2\/pages\/89","targetHints":{"allow":["GET"]}}],"collection":[{"href":"https:\/\/itguaymas.edu.mx\/index.php?rest_route=\/wp\/v2\/pages"}],"about":[{"href":"https:\/\/itguaymas.edu.mx\/index.php?rest_route=\/wp\/v2\/types\/page"}],"author":[{"embeddable":true,"href":"https:\/\/itguaymas.edu.mx\/index.php?rest_route=\/wp\/v2\/users\/1"}],"replies":[{"embeddable":true,"href":"https:\/\/itguaymas.edu.mx\/index.php?rest_route=%2Fwp%2Fv2%2Fcomments&post=89"}],"version-history":[{"count":12,"href":"https:\/\/itguaymas.edu.mx\/index.php?rest_route=\/wp\/v2\/pages\/89\/revisions"}],"predecessor-version":[{"id":442,"href":"https:\/\/itguaymas.edu.mx\/index.php?rest_route=\/wp\/v2\/pages\/89\/revisions\/442"}],"up":[{"embeddable":true,"href":"https:\/\/itguaymas.edu.mx\/index.php?rest_route=\/wp\/v2\/pages\/52"}],"wp:attachment":[{"href":"https:\/\/itguaymas.edu.mx\/index.php?rest_route=%2Fwp%2Fv2%2Fmedia&parent=89"}],"curies":[{"name":"wp","href":"https:\/\/api.w.org\/{rel}","templated":true}]}}